ommon factor of 36 and n.
18
Suppose 5*c = 4*c + 3*f + 142, 0 = -3*c - 2*f + 371. Suppose -c*l - 585 = -140*l. Calculate the greatest common factor of 117 and l.
9
Suppose 131*t = -87*t - 11*t + 36640. What is the highest common factor of t and 688?
16
Suppose -161*w - 8*w = 20*w - 49140. What is the greatest common divisor of w and 2560?
20
Suppose -2*i = 11037 - 11059. Calculate the highest common factor of i and 4565.
11
Let x(t) = -151*t + 271. Let g be x(1). What is the greatest common divisor of 1110 and g?
30
Suppose -5*m = -h - 207, 4*h - 62 = -90. What is the greatest common divisor of m and 1368?
8
Let v be -4 + 10 + (-195)/40 - (-21)/(-168). Let l = 15 - 6. Calculate the highest common divisor of v and l.
1
Let a be -2 + (12/6 - -4 - -43). What is the highest common factor of a and 3431?
47
Let q = 5039 - 3725. What is the greatest common factor of q and 6?
6
Let h be (-690)/(-2) + -1 + -4 - 24/(-8). What is the highest common factor of 49 and h?
49
Suppose 17397 = 5*g + n, g + 32*n - 3462 = 26*n. Calculate the greatest common factor of g and 120.
120
Let d = -4907 - -5474. Calculate the highest common factor of 7 and d.
7
Suppose -r - 3*b = -1430 + 690, 0 = 2*r + 3*b - 1492. Calculate the highest common factor of r and 1222.
94
Suppose 23*r - 399 - 1050 = 0. Let j(d) = -d**2 - 8*d - 7. Let l be j(-6). Suppose r = l*c + 23. Calculate the greatest common divisor of c and 24.
8
Let x(j) = j**3 - 4*j**2 + 3*j + 5. Let z be x(4). Suppose -z*m - 28 = -24*m. Calculate the greatest common divisor of 22 and m.
2
Let y = -1 + 4. Let n(i) be the first derivative of -i**2 + 40*i + 29. Let k be n(19). What is the greatest common factor of y and k?
1
Suppose 0 = 276*g - 277*g + 74 + 22. Calculate the highest common factor of 312 and g.
24
Let i(m) = -223*m - 3331. Let h be i(-15). What is the highest common divisor of 882 and h?
14
Let c(g) = -g**2 + 21*g + 5. Let p be c(5). Suppose -2*f + 56 = 2*l - 78, -5*f = -l + p. What is the highest common divisor of 40 and l?
10
Let w = 12588 + -6031. What is the highest common divisor of w and 158?
79
Let z(h) = h**2 - 10*h - 112. Let r be z(18). Let q = 34 - r. What is the highest common divisor of 50 and q?
2
Let t be 11/2 + 167/334. Let a = 623 - 348. Suppose -t*k = -205 - a. Calculate the highest common factor of 20 and k.
20
Suppose 16 = 15*b + b. Let a be (-1)/(-2) + 21*(-4)/(-24). Calculate the highest common divisor of b and a.
1
Let t be 18/2 - (-4648)/(5 - -9). What is the greatest common divisor of t and 22?
11
Let d(u) = 392*u**3 - u**2 + 5*u - 6. Let w = -784 + 785. Let o be d(w). Calculate the highest common factor of o and 156.
78
Let a = -47 - -51. Suppose 2*v - 6 = 0, -5*v + 27 = a*u - u. Calculate the highest common factor of 100 and u.
4
Let k(a) = 2*a**3 + 50*a**2 - 323*a - 33. Let c be k(10). What is the highest common divisor of 481 and c?
37
Let a be (0 - 4) + 23 + -15. Suppose 2*z + a = 14. Let n be (-77)/(-3) + z/15. What is the greatest common factor of 13 and n?
13
Let j(g) = -g**2 + g + 172. Let y be j(12). Let h = y - 37. What is the highest common factor of h and 12?
3
Suppose 16*o + s = 117784 + 469299, o + 4*s = 36673. Calculate the highest common factor of o and 151.
151
Let u(m) = 9*m**3 - 139*m**2 - 10*m - 22. Let j be u(19). What is the greatest common divisor of j and 360?
180
Suppose 2*v + 8*w - 7*w - 902 = 0, w = 4. Let o = v - 244. Calculate the highest common divisor of 123 and o.
41
Let a be -29 - (4/(-12) + (-26)/(-6)). Let j(k) = -k**3 - 33*k**2 - 2*k - 53. Let r be j(a). What is the highest common factor of 52 and r?
13
Let f(w) = 196*w + 32855. Let y be f(-167). Let v(i) = -22*i**3 - 3*i**2 + i + 2. Let t be v(-2). Calculate the highest common divisor of t and y.
41
Suppose -3 = -4*h + 5. Suppose -27 = -3*b + 4*g, b - 9 = h*g - 0. Let x be (((-12)/b)/2)/(2/(-18)). Calculate the highest common factor of 12 and x.
6
Suppose -250*d + 1763 = -206*d - 5761. Calculate the greatest common divisor of d and 1083.
57
Suppose -5*k = -0*k - 20. Suppose -3*w = i - 1606, -5*i - 54*w + 59*w = -8070. Let b = 1652 - i. Calculate the greatest common factor of b and k.
4
Let l(s) = -289*s + 234. Let f be l(-54). What is the greatest common divisor of f and 176?
176
Let a = -47 + 49. Suppose o = 3*k + 58 + 1024, 0 = -5*o - a*k + 5325. What is the highest common factor of 97 and o?
97
Suppose -l = 1, 0*l = -w + 2*l - 491. Let g = -297 - w. Calculate the highest common factor of 28 and g.
28
Let o = 477 - 473. Suppose o*a = w - 70, -3*a = -w - 2*a + 76. Calculate the highest common factor of w and 208.
26
Suppose 0 = -2*n + c - 56, -5*c + 46 = -n - 0*c. Let u = 70 + n. Calculate the highest common factor of u and 8.
4
Let c = 808 - 570. Suppose 0 = -28*n + 3347094 - 3346310. What is the greatest common factor of c and n?
14
Suppose 13*z - 14*z = -2. Suppose -z*m + 3*m + 8 = l, 4*m = -8. Calculate the greatest common factor of l and 2.
2
Suppose 3*c + 73 = z, -14567*z = -14570*z + 4*c + 254. Let f = 1367 + -781. Let w = f + -351. What is the highest common factor of w and z?
47
Let i(t) = -868*t**2 + 4*t - 3. Let m be i(1). Let p = -299 - m. What is the highest common factor of 8 and p?
8
Let f(m) = -30*m**2 + 11*m + 2. Let c(i) = -29*i**2 + 9*i + 2. Let q(a) = -5*c(a) + 4*f(a). Let s be q(-1). What is the highest common factor of 36 and s?
12
Let c be (2/(-2))/(5/(-165)). Let b = c - 20. Suppose -b*q + 10*q + 51 = 0. What is the greatest common factor of q and 17?
17
Let i(a) = 4*a - 3. Let c be (4 + -2 - -2)*1. Let m be i(c). Suppose 4*z = 145 - m. What is the highest common divisor of z and 99?
33
Let h(q) be the second derivative of q**4/6 - 9*q**3/2 - 11*q**2/2 + 6*q + 10. Let c be h(-10). Calculate the greatest common divisor of 27 and c.
27
Let v = 1944 + -1419. Calculate the highest common factor of 150 and v.
75
Let a be 130/(-2) + -3*(-8)/(-12). Let c = a - -72. Suppose g - c*m = -0*g + 22, -3*m = -6. Calculate the highest common factor of 24 and g.
8
Let u be (-2*(-1)/(-4))/(366/(-35868)). Calculate the greatest common divisor of u and 2009.
49
Let x be (14/5)/(128/40 - 3). Suppose -x*c + 4*c = -430. What is the greatest common divisor of c and 473?
43
Let f(q) = -q**3 + 6*q**2 + 437*q + 18. Let j be f(24). Calculate the greatest common factor of j and 2668.
46
Let q = 20 + -14. Suppose 0 = -q*h + 3*h + 9. Suppose 4*n - 32 - 92 = -5*g, -h*n = -4*g + 124. Calculate the highest common divisor of g and 4.
4
Let a(g) = -g**2 + 7*g + 2. Suppose 3*k = 5 + 13. Let s be a(k). Suppose 5*w = m + 20 + 9, -4*w - 2*m = 2. Calculate the greatest common divisor of w and s.
4
Let y = -77 + 142. Let g = 65 - y. Suppose g = -4*i + 3*p + 924, 4*i - 5*p = i + 682. What is the greatest common factor of 18 and i?
18
Let z be (-1 - 3084/(-14)) + (-26)/91. Let h = z - 199. Calculate the highest common factor of 80 and h.
20
Let z = 11745 - 8764. Calculate the highest common factor of 11 and z.
11
Let c = 325 + -351. Let x(w) = -w**3 - 26*w**2 - 6*w - 28. Let p be x(c). Calculate the highest common divisor of 8 and p.
8
Let p be 168/16*664/12. Let t = 625 - p. What is the highest common divisor of 4 and t?
4
Let m be (-24)/78 + (-12560)/(-260). Calculate the highest common divisor of 996 and m.
12
Suppose 188829 - 191403 = -3*n. What is the highest common factor of 1122 and n?
66
Let g(s) = -s**3 + 24*s**2 - 44*s + 26. Suppose 0*d - 2*d = 4*p - 32, 5*p + 103 = 4*d. Let f be g(d). Calculate the greatest common factor of f and 130.
26
Let d be (-7888)/(-377) + (4 + -7)/(-13*3). Calculate the highest common factor of 11361 and d.
21
Let h = -105 + 137. Let o(k) = k**3 - 17*k**2 + 11*k + 21. Let a be o(17). What is the highest common divisor of h and a?
16
Let z be (-14)/(-6) + (-10)/(-15). Suppose 931*x = -5*t + 935*x + 443, 4*t = 5*x + 358. What is the highest common factor of t and z?
3
Let g(p) = 64 - 15*p + 5*p - 21 + 5*p. Let w be g(-13). What is the highest common factor of 45 and w?
9
Suppose 5469 = 3*p + 3*k, 4*k + 3670 = -42*p + 44*p. Calculate the highest common divisor of p and 1624.
203
Let i(g) = -g**3 + 32*g**2 + 92*g - 569. Let o be i(34). Calculate the highest common divisor of 57 and o.
19
Suppose 4*l + 39 = 5*k, -k = k + 2*l - 30. Suppose 9*g = -1032 - 876. Let h = 355 + g. W